Let i(l) = 20*l**3 + 2*l**2 + l. Determine i(t).
-19
Let s(t) be the second derivative of -t**4/12 - 5*t**3/6 + 3*t**2 - 40*t. Calculate s(-6).
0
Let f(n) = 6*n**3 - 2*n**2 + n. Let u be f(1). Suppose 2*l - 3*h = -l + 33, -3*l + 35 = -4*h. Let i = u - l. Let m(j) = -j - 9. Give m(i).
-5
Let g(v) = v - 9. Let d be g(14). Let f(z) = -2*z + 0 + 3*z + 1. Give f(d).
6
Let h be (1 + -10)/(12/16). Let f = -19 - h. Let w(s) = -s**2 - 6*s + 8. Give w(f).
1
Let p(l) = 2*l**2 + 1. Let t be 9/(-27) - (-4)/(-6). What is p(t)?
3
Suppose -h - 15 = 4*h. Let i(s) = -s - 1. Let t(g) = -2*g - 1. Let q(c) = -5*i(c) + 3*t(c). Let j(n) = -n + 2. Let z(d) = 4*j(d) - 3*q(d). Calculate z(h).
5
Let d(g) = -6*g. Let k(u) be the second derivative of 2*u + 0 + 0*u**2 + 1/6*u**3. Let c be k(1). Calculate d(c).
-6
Let g(i) = 6*i + 2. Suppose 0 = 3*w + 3 + 3. Determine g(w).
-10
Let o(v) = -v**3 - 14*v**2 + 17*v + 30. Let y be o(-15). Let q(c) be the second derivative of -1/3*c**3 + 0*c**2 - c + y - 1/12*c**4. Calculate q(-3).
-3
Let y(t) = 2*t + 0*t + 2 - 9*t + t**2. Let d be y(6). Let a(q) = -3 - q - q**2 + 0 + 4. Determine a(d).
-11
Let f(j) = j + 8. Let u = -45 + 39. What is f(u)?
2
Let t(f) = f - 1. Let d(s) = -s + 1. Let o(v) = -6*d(v) - 5*t(v). Calculate o(6).
5
Let v be ((-3)/2)/((-2)/4). Let z be 0*3/9*-1. Suppose -v*b + z*b = 0. Let o(g) = -g + 2. Give o(b).
2
Let u be (-5)/(-20) - (-27)/4. Let a(x) = -x**2 + 8*x - 2. What is a(u)?
5
Let f(a) = a**3 - 9*a**2 + 8*a + 10. Let v = 28 + -20. Determine f(v).
10
Let i(c) be the second derivative of c**4/12 + c**3/6 + 5*c. Suppose 3*o + 6 = o. Determine i(o).
6
Let w(z) = -3*z**2 + 8 + 3*z + 6*z**2 - 4*z**2. Let p be 1 - (-1*4 - 1). Calculate w(p).
-10
Let u(s) = 4*s**2 - 4 - 3 - 1 - 4*s**3. Let c(z) = z**3 - z**2 + 3. Let t(h) = 7*c(h) + 2*u(h). Give t(0).
5
Let b(h) = h + 1. Let p(t) = t**3 - 2*t**2 + t + 1. Let g be p(0). Let z = -7 + g. Calculate b(z).
-5
Let v(s) = 3*s**2 + 3*s + 1. Let b(h) = h**3 + 4 - 7*h + 8*h**2 - 3 - 3 - 3*h**2. Let z be b(-6). Let d = 2 - z. What is v(d)?
7
Let d(a) = -12*a**2 - 3*a - 1. Let o(p) = 25*p**2 + 7*p + 2. Let x(y) = 5*d(y) + 2*o(y). Determine x(-1).
-10
Let v(d) = 5*d**2 - 9*d + 10. Let t(y) = y**2 - y + 1. Suppose -4 + 34 = 5*u. Suppose -3*q + u*q - 18 = 0. Let k(j) = q*t(j) - v(j). Calculate k(-5).
6
Suppose -64 = -4*u - 0*u. Suppose 5*d - d = -u. Let p be 3/(-6) + 14/d. Let y(o) = -o**3 - 3*o**2 + 6*o + 2. Give y(p).
-6
Let b(i) = 4*i + 24*i**3 - 1 - 1 - 25*i**3 - 3*i**2. Calculate b(-4).
-2
Let t(w) = -w - 5. Let y(j) = -2*j**3 + j. Let m be y(-1). Let g be m/(-5) - (-2)/10. What is t(g)?
-5
Let x(a) be the third derivative of -a**6/120 + a**5/12 + a**4/12 - 7*a**3/6 - 5*a**2. Let i be x(5). Let p(t) = -t**3 + 3*t**2 - t - 1. Determine p(i).
-4
Suppose 3 - 6 = 3*r. Let m be (-6)/(-3 - r) - -3. Let b(w) = w + 3. Determine b(m).
9
Let n(x) = 4*x**2 + 2*x + 7. Let i(k) = 4*k**2 + 2*k + 8. Let m(h) = 4*i(h) - 5*n(h). Let a(b) = b**2 - 10*b - 2. Let s be a(10). Determine m(s).
-15
Let s(d) = 5*d**3 + 2*d**2 - 2*d + 1. Let u be s(1). Let f(q) = -q**2 + 15*q - 7. Let t(z) = -z**2 + 14*z - 7. Let i(l) = 6*f(l) - 7*t(l). What is i(u)?
-5
Let k(o) = o**2 - 5*o - 4. Let q(f) = -f + 1. Let r(t) = k(t) - 2*q(t). Let z = -4 + 9. Suppose -3*g = -2*g - z. Give r(g).
4
Let p(b) = -b**2 - 4*b + 2. Let v be 2/(((-6)/3)/(-8)). Let a be (7/(-2))/(4/v). Let u = a - -2. Determine p(u).
-3
Let r(c) = 5*c**2 + 26*c + 31. Let b(k) = k**2 + 5*k + 6. Let u(i) = -11*b(i) + 2*r(i). Determine u(-4).
-8
Let q(i) = -2*i - 3. Suppose -c - 10 = b, 3*c - 5*b - 20 = 2*c. Give q(c).
7
Let n(g) = g**2 + 7*g + 2. Let v be n(-9). Let l(c) = -v + 20 - 3*c. Determine l(-1).
3
Let j(w) = -w**3 + w**2 - w + 1. Let c(t) = -8*t**3 + 4*t**2 - 7*t + 5. Let p(x) = -c(x) + 6*j(x). Let d be ((-5)/1)/(-5) - 3. Calculate p(d).
-9
Let t = -10 + 11. Let i(p) = t - 2*p - p**2 - 4 + 2*p**2 - p. What is i(5)?
7
Let h(w) = w + 6. Let y = 5 - 5. Calculate h(y).
6
Let y(g) = -g**3 - g**2 - 3*g - 6. Let w(t) = -2*t**3 - 2*t**2 - 5*t - 12. Let m(a) = 3*w(a) - 5*y(a). Give m(0).
-6
Let p(o) = o**2 + 7*o - 7. Suppose -b + 3*d - 7*d = 9, -29 = 5*b + 4*d. What is p(b)?
-17
Let b(i) = i**2. Let h be b(2). Suppose d = -d - h. Let a(r) = 2. Let y(n) = n + 10. Let v(f) = 11*a(f) - 2*y(f). Determine v(d).
6
Let h(r) = r**3 - 3*r**2 + r + 1. Let n = -16 + 18. Determine h(n).
-1
Let z(k) be the first derivative of -k**3/3 + 9*k**2/2 + 7*k + 1. Let s be z(10). Let m(u) be the third derivative of u**4/6 + 2*u**3/3 + u**2. Determine m(s).
-8
Let j(y) be the second derivative of -y**7/1260 + y**6/144 - y**5/60 - y**4/4 - 3*y. Let o(f) be the third derivative of j(f). Give o(3).
-5
Suppose -n = 3*n - 8. Let p(f) = -2*f**2 + 2*f - 2. Calculate p(n).
-6
Suppose 2*u + 2*t = 4*t - 44, 0 = -5*t - 25. Let h = -15 - u. Suppose 3*o + h = -0. Let r(g) = -g**2 - 4*g + 3. Calculate r(o).
3
Let l(d) = -3*d**2 + 23*d - 11. Let h(w) = -w**2 + 8*w - 4. Let f(j) = -17*h(j) + 6*l(j). Suppose -28 = 2*m - 8. Let s = -7 - m. What is f(s)?
-1
Suppose -m + 2 = -2, -h - 16 = -4*m. Let n(i) = -i**3 + 11. Determine n(h).
11
Suppose -9*t = -14*t - 30. Let n(j) = -3*j - 8. Determine n(t).
10
Let n(y) = 0 + y**2 + 1 - 3*y + 9*y**3 + 10*y**3 - 18*y**3. What is n(-3)?
-8
Let k = 8 + -6. Let p(z) = -4*z + 0*z**k + 6*z**2 - 4*z**2. Suppose -3*h - 3 = -12. Calculate p(h).
6
Suppose -5*u - 10 = 5*i, -6 = -5*i - 4*u + 3*u. Suppose i*z - 5 = -3*z. Let l(b) = -3*b**2. What is l(z)?
-3
Let n be 4/10 - 82/5. Let m = n - -22. Let d(o) = -o**3 + 6*o**2 - o + 7. Give d(m).
1
Let d(y) = 3*y**2 + 2*y + 3. Let w(h) = 13*h**2 + 8*h + 13. Let o(g) = -9*d(g) + 2*w(g). What is o(-2)?
-1
Let r(d) = -d**2 - d - 3. Let l be (-4)/(-20) - (-19)/5. Suppose -l*g = g. What is r(g)?
-3
Let x(v) = -2*v**2 + 3*v - 2. Let n = 121 - 118. Determine x(n).
-11
Let i(b) = 6*b + 7. Let x(n) = -n - 1. Let g(c) = -c**3 - 9*c**2 - c - 8. Let r be g(-9). Let f(q) = r*i(q) + 4*x(q). What is f(-4)?
-5
Let d(k) = k**3 + 6*k**2 - 4. Let y(p) = 4*p**3 + 19*p**2 + p - 12. Let o(n) = -7*d(n) + 2*y(n). Suppose -2*u + 6 + 0 = 0. What is o(u)?
1
Let t(g) be the second derivative of 0 + 1/360*g**6 + 1/30*g**5 - 1/12*g**4 - 3*g + 0*g**2 + 0*g**3. Let y(z) be the third derivative of t(z). Give y(-4).
-4
Let x(d) = -d**3 + d**2 + 2. Suppose 0 = -23*t + 6*t. Determine x(t).
2
Let m be 2/9 - (-306)/81. Let f(d) = 0*d**2 + d + 1 + d**2 - 5*d - 2*d. What is f(m)?
-7
Let z(v) = -14*v**3 - v**2 + v. Suppose 4*r = l - 9, 4*l + 4*r + 1 = -3. Determine z(l).
-14
Suppose y - 20 = 5*y. Let p = 4 + y. Let o(x) = -1 + 2 + 0 - x. Calculate o(p).
2
Suppose v = -4*n + 2*n, 8 = -2*v. Suppose -t + 6 = -n*t. Let s(b) = b + 8. Give s(t).
2
Let v(w) = -4*w - 1465 - w**2 + 1470 + 2*w. What is v(-4)?
-3
Let k = 45 - 44. Let i(t) = 5*t. Calculate i(k).
5
Let z(b) = b**3 - 5*b**2 - 2*b + 4. Suppose -5*j = 20, 3*j = 4*x - 3*x - 29. Suppose -4*p = -3 - x. Determine z(p).
-6
Let v(l) be the third derivative of 1/6*l**3 + 6*l**2 + 0*l + 1/6*l**4 + 0 - 1/60*l**5. Determine v(4).
1
Let i be (7 - 3)/(-1 + 2). Suppose 5*s + t - 23 + 6 = 0, 2*t = i. Let y(w) = -s + 0*w - 3*w - 4 + 0. Give y(-5).
8
Let s be 0 + 3*25/15. Suppose 31 - 6 = -s*h. Let b(i) be the first derivative of -i**2 - 6*i + 1. Give b(h).
4
Let l(g) = -g + 6. Let h be l(0). Let p(k) = -5*k**3 - 28*k**2 + 10*k + 3. Let r(i) = 3*i**3 + 15*i**2 - 5*i - 1. Let y(j) = 4*p(j) + 7*r(j). What is y(h)?
-1
Let r(a) = 8*a + 10 - 7*a - 2*a. What is r(6)?
4
Let i(w) = -8*w - 35. Let j be i(-4). Let u(h) = -h**3 - 4*h**2 + 4*h + 3. Calculate u(j).
-18
Let u(h) = -h + 4. Let s be u(2). Let v(q) = 3*q + q - 2*q - 1 + s. What is v(2)?
5
Let z(b) be the third derivative of -b**6/120 - b**5/15 + 7*b**4/24 + 7*b**3/6 - 7*b**2. Calculate z(-5).
-3
Let h(u) = -5*u**3 - 2*u**2 - 2*u - 4. Let z(p) = -6*p**3 - 2*p**2 - 3*p - 4. Let j(a) = -5*h(a) + 4*z(a). Let c be j(-3). Let b(w) = -5*w**2. Calculate b(c).
-5
Let o(h) = h**3 - h**2 + h + 5. Let k(p) = p**3 - 2*p**2 + 2*p + 4. Suppose 0 = -2*n + 4*d - 22, -3*n - 2*n - 40 = -5*d. Let m(s) = n*k(s) + 4*o(s). Give m(5).
-5
Let z(a) = -a**3 - 12*a**2 + 2*a + 10. Let o be z(-12). Let u be ((-4)/5)/(o/105). Let q(r) = -2*r + 9. Determine q(u).
-3
Let a(q) be the second derivative of